 20. List the prime factors of (-40)/(r + 1) + (295 - 1).
2, 5, 29
Suppose -2*c - 6 = 0, -5*r + 9 = -2*c - 22. Suppose -5*x = -i - 993, -r*i + 3*i = -4. List the prime factors of x.
199
Let g = 9502 - 4235. Suppose 57*y - g = 433. What are the prime factors of y?
2, 5
Suppose 0 = -12*j + 11*j - 5*b - 216, 4*b = -8. Let i = 81 - j. What are the prime factors of i?
7, 41
What are the prime factors of (-5)/(-90)*8 - 2939656/(-72)?
40829
Let m = 43876 - 28700. List the prime factors of m.
2, 7, 271
Suppose -2*q - 6*r + 11*r = -12549, 0 = q + 3*r - 6269. List the prime factors of q.
2, 7
Suppose 492 = y - 5*o, 3*o + 2370 = 4*y + 487. Let i = 1423 - y. What are the prime factors of i?
2, 239
Suppose 2*n - 5*n = -u + 6116, 24503 = 4*u + n. Suppose 1666 = 21*x - u. List the prime factors of x.
7, 53
What are the prime factors of -7*(3 - (-9 - (-755 - 2)))?
5, 7, 149
Let n(f) = 1483*f**2 - 235*f - 971. List the prime factors of n(-4).
3, 2633
Let u(w) = -w**2 + 9*w + 6. Let q be u(0). List the prime factors of (q - 5)*-2 - -423.
421
Let y(j) = -j**2 - 8*j + 23. Let t be y(-10). Suppose 0 = -2*p - t + 107. What are the prime factors of p?
2, 13
List the prime factors of 1*3/6 - ((-49070)/28 + -12).
5, 353
Let o = 106 - 111. List the prime factors of 427 + -1 + o + (3 - -1).
5, 17
Suppose 5209 = -2*p + 4*z + 23211, 5*p = 2*z + 44981. What are the prime factors of p?
5, 7, 257
Suppose -24991 - 11071 = -6*q + 10834. What are the prime factors of q?
2, 977
Let q(p) = 30*p + 288. Let b be q(-9). What are the prime factors of 512/((-99)/(-81) - 4/b)?
2
Let v(f) = f**2 - 9*f + 29. Let u be v(9). Suppose -u*o + 1944 + 5045 = 0. What are the prime factors of o?
241
Let h = -104 + 123. Suppose 2*a - 4*x = h - 3, 4*a - 2 = 2*x. List the prime factors of (a/(-3))/((-12)/(-2052)).
2, 3, 19
Let g = 60 + -56. Suppose g*p - 18 = p. List the prime factors of ((-10)/(-4))/(p/156).
5, 13
List the prime factors of ((-357)/(-119))/(2/4034).
3, 2017
Let o = -21896 + 37110. What are the prime factors of o?
2, 7607
List the prime factors of ((-24)/(-44))/(-3) - 3354130/(-55).
2, 3, 7, 11
Let q(v) = v**3 + 8*v**2 - 6*v - 8. Let o be q(-7). Let i = -80 + o. Suppose -i*t + 300 = -180. List the prime factors of t.
2, 5
Suppose -2*f - 9 = -5*j, -2*j - 21 = -5*j - 4*f. Suppose 841 = 3*o + 2*u + j*u, 297 = o + 5*u. What are the prime factors of o?
2, 17
Let p(l) = -l**3 + 14*l**2 - 5*l + 13803. What are the prime factors of p(0)?
3, 43, 107
Let w(p) be the third derivative of -p**6/120 + 4*p**5/15 - 25*p**4/24 - 31*p**3/6 + p**2 + 19. What are the prime factors of w(13)?
151
Let d be (1 + (-287)/7)*(-424)/(-20). Let t = d - -2060. List the prime factors of t.
2, 3, 101
Let w(l) = -l**3 - 25*l**2 + 13*l - 35. Let m be w(-25). Let f = m + 1359. List the prime factors of f.
3, 37
Let x(w) be the third derivative of w**5/30 - 7*w**4/12 + 10*w**3/3 - 8*w**2. Let y(p) = -p**3 + 4*p**2 + 2*p. Let t be y(4). List the prime factors of x(t).
2, 3
Suppose -146323 = -5*x - 4*s, -16*x - s = -11*x - 146332. What are the prime factors of x?
7, 37, 113
Let r be (4 - (-40)/(-12))/(4/1794). Let t = r + -147. List the prime factors of t.
2, 19
Suppose 3*y - 1 = 5. Let u(j) = 70*j - 18. What are the prime factors of u(y)?
2, 61
Let q(x) = -2*x**3 - 16*x**2 - 7*x + 1. Let o be q(-9). Suppose o*z = 229*z - 2742. List the prime factors of z.
2, 457
Let y(l) = -l**2 - 6*l + 20. Let k be y(2). Suppose 0 = k*q - 8*q + v + 1831, -3*q + v + 1373 = 0. What are the prime factors of q?
2, 229
Let d(c) = -2*c**2 - 14*c - 25. Let m(t) = 4*t**2 + 28*t + 51. Let v(u) = -5*d(u) - 2*m(u). List the prime factors of v(-10).
83
Suppose 4*m - 2*b = 252, -3*m - 179 = -6*m - b. Let g = 375 - m. What are the prime factors of g?
2, 157
Suppose 1046 + 1024 = -9*l. Let x = 905 + l. List the prime factors of x.
3, 5
Suppose -2*t + h + 42504 = 0, 21*h + 85144 = 4*t - 15*h. What are the prime factors of t?
2, 5, 17
Let a be (26076/371)/((-1)/7). Let n = 1006 + a. List the prime factors of n.
2, 257
Suppose 5*l + 0*w + 34 = 4*w, -4*l = 4*w + 20. List the prime factors of (-472)/l + -4*1/6.
2, 3, 13
Suppose 5*y + 30 = 0, -5*y + 97293 + 76261 = 4*a. What are the prime factors of a?
2, 19, 571
Let f(j) = 130*j + 1154. What are the prime factors of f(49)?
2, 3, 11, 19
Let u = 82316 + -49054. What are the prime factors of u?
2, 16631
Suppose 0 = k - 852*h + 851*h - 223, 0 = -3*k + 4*h + 674. What are the prime factors of k?
2, 109
Let i be (-176)/6 - 64/(-48). Let u be (-19456)/i + ((-6)/7 - -1). Suppose -u = -5*j + 4*o, 2*o + 562 = -j + 5*j. List the prime factors of j.
11, 13
Let y(a) be the second derivative of 41*a**4/12 - 11*a**3/3 - 2*a**2 - 23*a - 2. What are the prime factors of y(5)?
911
Let w be (15 + -3)*1*34/4. What are the prime factors of (w/(12/2))/((-2)/(-52))?
2, 13, 17
Let y be (((-15)/(-9))/5)/((-6)/(-54)). Suppose y = 5*r - 17. Suppose 0 = -3*w - r*a + 293, -4*w + 0*a = -5*a - 432. List the prime factors of w.
103
Suppose 0 = -2*v + 3*i + 22406, 0 = 518*i - 513*i + 20. What are the prime factors of v?
11197
Suppose -8095 = -2*z - n, 4*z = 3*z + 3*n + 4030. What are the prime factors of z?
5, 809
Let d(t) = -t**3 + 2*t**2 - 3*t + 4803. Let a be d(0). List the prime factors of 1 + a/15 + (-8)/(-10).
2, 7, 23
Suppose -500 = -22*u + 17*u. Suppose 2*o - 558 + u = 0. Suppose o = 3*z + d, -3*d - 53 = -z + 40. What are the prime factors of z?
2, 3, 13
Let m(x) = 99*x**2 + 2*x + 148. What are the prime factors of m(-6)?
2, 5, 37
Let w = 440 - 446. List the prime factors of 845 + w + -2 + 5.
2, 421
Let j = -5529 - -21948. What are the prime factors of j?
3, 13, 421
Let o be 8/(-10)*9/(36/40). What are the prime factors of (-4 - 0)*(258/o - 0)?
3, 43
Let p(i) = 33*i + 19. Let z be p(-1). List the prime factors of (-15580)/70*z/4.
19, 41
Let n = -22299 + 28918. List the prime factors of n.
6619
Let r be 1/((-2)/6*21/(-91)). Suppose -5*g = -12 - r, 0 = -2*a + g + 9. Suppose -a*d = -9*d + 124. What are the prime factors of d?
2, 31
Let h = 8769 - 2987. What are the prime factors of h?
2, 7, 59
List the prime factors of ((-2874)/18)/((-15)/315).
7, 479
Let f(m) = -1281*m**3 - 21*m**2 - 85*m. What are the prime factors of f(-3)?
3, 11551
Suppose -1 = -3*w - g + 53, -3*w + 36 = -5*g. Let u = w - -28. Suppose u = 5*k + 5*a, -3*a + a + 8 = 0. List the prime factors of k.
5
Suppose 2*s - 121 = 29. Suppose 3*c = -2*k + 97, 3*c + 5*k - 100 = -15. Let r = s - c. List the prime factors of r.
2, 5
Let s = 391 + -392. Suppose 2 - 5 = -3*d. List the prime factors of ((d - s)/2)/((-3)/(-186)).
2, 31
Suppose 0 = -3*b - 4*p + 9159, -144*p + 142*p + 15265 = 5*b. List the prime factors of b.
43, 71
Suppose -5*k + 5*y = -14935, -k - y + 1535 = -1444. Suppose z + k = 2*g - 0*g, 2*z = 2. List the prime factors of g.
2, 373
Let l(o) = -3*o + 17. Let k = 35 - 25. Let i be l(k). Let v(w) = -w**2 - 13*w + 3. List the prime factors of v(i).
3
Let b(p) = 51*p - 6. Let l be b(6). Let h = 563 - l. Let d = h + -159. List the prime factors of d.
2, 13
List the prime factors of 16/12 - 6105698/(-93).
2, 17, 1931
Suppose 121*d - 756648 = -356956 + 752470. List the prime factors of d.
2, 3, 23
Let s = 59 + -57. Let p = s - -1. Let c(l) = 2*l**3 + 5*l**2 - 3*l - 2. What are the prime factors of c(p)?
2, 11
Suppose 45*f - 652388 = -65*f + 821942. List the prime factors of f.
13, 1031
Suppose -2355 = -2*t - 34*c + 35*c, t - 1182 = -4*c. What are the prime factors of t?
2, 19, 31
Let f(h) = 91*h**3 + 4*h + 41 - 82 - 3*h**2 + 38. What are the prime factors of f(2)?
7, 103
What are the prime factors of (-5 - 6178/(-4))*(17 + -15)?
3079
Let p be (12/(-10))/((-2)/(-5)). Let r be (p - 0)/(0 - 1). Suppose r*i + 2*i - 100 = 0. What are the prime factors of i?
2, 5
Let g = 123 + 350. Let u = g + 43. List the prime factors of u.
2, 3, 43
Let g = 1662 - 1167. Let t = g - 195. Suppose 5*r + 4*b + t = 7*r, r - 5*b = 144. List the prime factors of r.
2, 7, 11
Let x(c) = -6*c + 8. Let z be x(-4). Suppose -z = 5*r - 37. List the prime factors of (-31 - 8)/(-4 + r).
13
Let w be (2 - -1) + -1 + -4 + 4. Suppose 2*t = w*c + 58, 2*c - 5*t = 5*c + 127. List the prime factors of 10/30 + c/(-6).
2, 3
Let q = 210 - 252. What are the prime factors of 284/((q/(-140))/((-3)/(-4)))?
2, 5, 71
